-6)?
0
Let z(u) be the third derivative of u**7/840 + 7*u**6/360 - u**5/15 + u**4/8 - 29*u**3/6 - 17*u**2. Let o(c) be the first derivative of z(c). Calculate o(-8).
3
Let v(p) = 7*p + 1. Let y = -9 + 36. Suppose k - 8 = -f, -2*k - 2*k + y = -f. Let o = -6 + k. Give v(o).
8
Suppose 5*p + g = 9, -4*p - 4*g = -0*g - 4. Let u(a) = 2*a - 4*a - p*a - 1 + 2*a. Calculate u(1).
-3
Suppose -3*m + 8*g = 5*g - 72, -m - 3*g + 40 = 0. Suppose -6*s - m = -2*s. Let u(d) = -d**2 + 0*d - 4*d - 2*d. Determine u(s).
-7
Let v(l) = l**3 - 5*l**2 - l. Suppose 0 = 5*u + 42*u - 235. Give v(u).
-5
Let q(c) = c**3 + 8*c**2 + 9*c + 7. Let a be (-6 + 2 + 2)/3*9. Determine q(a).
25
Let b(z) = 2*z**2 - 2*z - 2. Suppose -2*j - 2 = -3*u, 26*j = 5*u + 22*j - 2. Give b(u).
2
Let d(z) = -z**3 + 2*z**2 + 2*z - 3. Let v(w) = -2*w + 2 + 1 + 3*w. Let f = 62 - 62. Let x be v(f). What is d(x)?
-6
Let a(g) = g**2 + 19*g - 248. Let h be a(-28). Let n(o) = o**3 - 5*o**2 - 3*o + 4. Give n(h).
-24
Let z(n) = -n - 2*n - 40 + 14 + 22. Determine z(11).
-37
Let q(l) = 5*l**3 - l**2 - l + 1. Let y = -89 - -87. What is q(y)?
-41
Let u(o) = o**3 - o**2 - o + 7. Suppose -3*p + 3*m - 6 = 0, -3*p + 5*m = -8*p + 30. Let f be -1 - (-1 + p) - -2. Determine u(f).
7
Let k = 39 + -38. Let l(g) = -17*g**2 + 2*g - 1. Give l(k).
-16
Let u(n) = -n**3 + 5*n**2 + 4*n + 6. Let h = -185 - -191. Determine u(h).
-6
Let d(z) = z + 1. Let s(n) = n**2 - n - 23. Let l(u) = -5*d(u) + s(u). Let t be l(9). Let q(y) = 12*y**2 + 2*y + 1. Determine q(t).
11
Suppose 1445*j - 1441*j = 0. Let i(r) = r**3 + r. Calculate i(j).
0
Let x(a) = a + 1. Suppose 0 = -5*u - 10 - 15, -5*u = -5*p + 95. Let i be 40/(-6)*(p + 4). Let o be 4/(-5)*i/(-16). What is x(o)?
-5
Let p(z) = z**3 - 6*z**2 - 8*z + 7. Let y be 260/78 + 2/(-6). Suppose y*w = -0*w + 21. Give p(w).
0
Let m(a) = -a + 1. Let d be 9 + -10 - (0 - -1). Determine m(d).
3
Suppose 3*l = y - 9, 0 = -l + 2*l + 2. Let i(a) be the first derivative of -11 + y + 4*a - a - a - a**2. What is i(6)?
-10
Let a(c) be the first derivative of -c**2/2 + 5*c + 1. Suppose 5*s = 4*m - 37, 0 = -3*m - 0*m + s + 25. Determine a(m).
-3
Let i(l) = -l + 6. Let u be i(6). Let t(p) = 6802*p**2 + 6792*p**2 + 6792*p**2 - 10 - 20385*p**2. Give t(u).
-10
Let m(h) be the first derivative of h**6/72 - h**4/24 - 35*h**3/3 - 36. Let n(j) be the third derivative of m(j). Give n(1).
4
Let x(a) = a. Let k(w) = -w + 10. Let y be k(8). Suppose 4*m = -4*n + 16, n = -y*m - 3*m + 4. Suppose -5*l = d + n, -l = -5*l - 8. Determine x(d).
6
Let n = -233 - -237. Let b(y) = -y - 5. What is b(n)?
-9
Let h(a) = a**3 - 9*a**2 - 10*a - 11. Let q(y) = -2*y**3 + 62*y**2 - 2*y + 72. Let p be q(31). Determine h(p).
-11
Let l(w) = w**3 - 6*w**2 + 8*w + 6. Let t be l(4). Let z(d) = -2*d - 6. Let s(m) = m + 6. Let a(k) = -3*s(k) - 2*z(k). Calculate a(t).
0
Let d(t) = -5*t**3 - 4*t**2 - 8*t + 11. Let b(x) = -11*x**3 - 10*x**2 - 15*x + 26. Let i(f) = 6*b(f) - 13*d(f). What is i(-9)?
-32
Let t be 9/2*20/3. Let n be (t/25)/(4/10). Let o(h) = h**3 - 2*h + 1 + 190 - 187 - 2*h**2. Determine o(n).
7
Let f(j) = 6*j. Suppose 120 - 128 = 8*q. Determine f(q).
-6
Let j(s) be the first derivative of s**2/2 + 6*s + 59. What is j(0)?
6
Suppose x + 4*s - 5 = 0, -37*s + 40*s = -x + 4. Let c(n) be the second derivative of -11*n**3/3 + n**2/2 + 4*n. Determine c(x).
-21
Let n(b) be the first derivative of -b**3/3 + 3*b**2 + 2*b + 2. Suppose -4 = s - g, -4*g + 23 = -0*s - 5*s. Let i = s - -13. Give n(i).
2
Let w(z) be the second derivative of 13*z**5/20 - z**3/3 - z**2/2 + 7*z + 15. Determine w(-1).
-12
Let y(p) = -p**3 - 6*p**2 + 8. Let k(w) = -w**2 - 24*w - 6. Let c be k(0). Calculate y(c).
8
Let v(k) be the second derivative of 2*k**3/3 + k**2/2 - 11*k + 2. Give v(2).
9
Suppose 0 = -5*r + 5*p + 7 + 43, -58 = -3*r - 4*p. Suppose 4*n - r = -2*j, 0 = 2*j - 5*n + 27 - 5. Let f(v) = 2*v**3 - 2*v**2 - 2*v - 1. What is f(j)?
-3
Let y(b) = -3*b - 61 + 183 - 61 - 64. What is y(-2)?
3
Let t(o) = o**3 - 3*o**2 - 4*o + 6. Let l(f) = f**2 + 4*f - 9. Let p be l(5). Suppose m + p = 40. Calculate t(m).
6
Let u(o) = -23*o**3 + o. Let l = -31 - -30. Calculate u(l).
22
Let k be 2/(-8) - (-23)/(-4). Let v(p) be the second derivative of p**4/12 + 5*p**3/6 - 6*p - 1. Give v(k).
6
Let j(z) = z**3 + 9*z**2 - 13*z - 8. Let y(x) = -12*x**2 + 20*x - 18. Let a be y(1). Determine j(a).
22
Let r(g) be the third derivative of g**6/120 - 2*g**5/15 - g**3 + 2682*g**2. Suppose -8 + 0 = -z. Calculate r(z).
-6
Let l(q) = 3*q**3 - 3*q**2 + 7*q - 1. Let z(t) = -5*t**3 + 5*t**2 - 13*t + 2. Let u(n) = -7*l(n) - 4*z(n). Calculate u(3).
-10
Let c(y) = 2*y - 22*y + 1 + 15 + 17*y**2 + 3*y - y**3. Let j be c(16). Let q(i) be the third derivative of i**6/120 - i**5/60 + i**3/6 - i**2. Give q(j).
1
Suppose 4*j + 4 = -2*z, 4*j - 4*z = -2 - 2. Let q(m) be the second derivative of -m**3/2 + 17*m + 1. Determine q(j).
3
Let w be -11 - 5*(-27)/45. Let m(i) = i**3 + 8*i**2 - 2*i - 19. Give m(w).
-3
Let x(o) = o**3 - 3*o**2 - 4*o + 3. Suppose 28*r = 29*r - 5. Determine x(r).
33
Let j(p) be the third derivative of -p**6/120 + p**5/6 - 5*p**4/12 + 2*p**3/3 + 532*p**2. What is j(9)?
-5
Let r(q) = q**3 + 4*q**2 + 6*q - 3. Let s be 5/(-3 - (6 + -8)). Calculate r(s).
-58
Let l(i) = i**3 + 9*i**2 - 11*i - 13. Let x(w) = w**3 + 2*w**2 + 10*w + 29. Let k be x(-3). Determine l(k).
-3
Let s(f) = 2*f**2 + 18*f + 15. Suppose 393*o = 380*o - 104. What is s(o)?
-1
Let c(z) = -3*z**2 - 89*z + 19. Let y be c(-30). Let j(l) = -l**3 - 12*l**2 - 10*l + 16. Give j(y).
5
Let h(i) = -2*i**2 + 28*i - 10. Let o(k) = -k**2 + 15*k - 5. Let p(w) = 3*h(w) - 5*o(w). Calculate p(6).
13
Let o(f) = f**3 + 6*f**2 + 5*f + 5. Let q be o(-5). Let m(x) = x - 1. Let l(w) = -2*w + 3. Let p(h) = -l(h) - 3*m(h). Determine p(q).
-5
Suppose -w - 3*z = 0, -3*w - 3*z - 3 = -9. Suppose n + w*n = -16. Let r(g) = -g**2 - 2*g + 2. What is r(n)?
-6
Let p(q) = q - 1. Let h(l) = -l**2 + 2*l - 4. Let a(k) = h(k) - p(k). Let m(i) = -18*i**2 + 90*i. Let b be m(5). Determine a(b).
-3
Let b(i) = -13*i**3 + 4*i**2 - i + 7. Let p(c) = 12*c**3 - 3*c**2 + 2*c - 6. Let r(u) = 2*b(u) + 3*p(u). Give r(1).
9
Let k(g) be the second derivative of -g**3/6 - g**2 + g - 2. Give k(-7).
5
Let a(c) be the third derivative of 0*c**3 + 7*c**2 + 0*c - 1/8*c**4 + 1/15*c**5 - 1/120*c**6 + 0. What is a(4)?
-12
Let h(j) = 9*j**3 + 3*j**2 - 7*j - 7. Let c(y) = 16*y**3 + 6*y**2 - 13*y - 13. Let k(d) = -4*c(d) + 7*h(d). Calculate k(-4).
7
Let v be (-3)/(6/(-8))*1. Suppose 0 = 8*s - 12*s + v. Let a(u) = -3*u + 1. Calculate a(s).
-2
Let q(p) = p**2 + 4*p + 6. Suppose -3*w - 28 = -5*w. Let y be (-20)/(-6) - w/(-21). Suppose 0 = -3*r - 2*z - 14, y*r + 2*z - z + 17 = 0. Calculate q(r).
6
Let u(f) = 5*f + 1. Let v(d) = 14*d + 6. Let n(t) = 8*u(t) - 3*v(t). What is n(-8)?
6
Suppose 0 = -4*x - 2 - 6. Let o be (x/(-4))/(9/(-18)). Let v(w) = -12*w**2 - 3*w - 5. Let s(c) = 6*c**2 + 2*c + 3. Let p(j) = -5*s(j) - 3*v(j). What is p(o)?
7
Let b(w) = w. Let j be (4 + 2)*(-6)/(-3). Let l = -17 + j. Determine b(l).
-5
Let d(q) = 0*q**2 + 108 - q**3 + 3*q**2 - 105 - 6*q + 2*q. What is d(3)?
-9
Let k(h) = -7*h + 24. Let g(r) = -4*r + 12. Let a(f) = -5*g(f) + 3*k(f). Let l(j) be the second derivative of j**3 - 9*j**2 + 21*j. Let u be l(3). Give a(u).
12
Suppose 9*x - 18 = -0*x. Suppose -x*q = 4*q + q. Let g(c) = c + 16. Determine g(q).
16
Let y(j) be the second derivative of -j**4/12 - 5*j**3/6 - 3*j**2/2 - 3*j - 39. What is y(-7)?
-17
Let d(g) = g - 5*g**2 + 4*g + 4*g**2. Let c = -1071 + 1077. What is d(c)?
-6
Let z(v) = 16*v**3 + 2*v**2 - 3*v + 1. Let y = -1392 + 1393. Determine z(y).
16
Let x = 7 + -3. Let d(f) = -f - 24*f**3 + 2*f + 23*f**3 + 0*f + 4*f**2 + 4. Calculate d(x).
8
Let s(m) = 3 - 73*m - 60*m - 60*m + 200*m. Calculate s(-5).
-32
Suppose 2*q + 11 = 21*l - 20*l, -28 = q - 5*l. Let u(a) = -2*a**2 + 13. What is u(q)?
-5
Let p = -30 - -33. Suppose -p*q = q. Suppose o - 4 + 7 = q. Let c(a) = -a**2 - 2*a - 2. Calculate c(o).
-5
Let i(b) = -4*b - 107*b**3 + 6*b**2 + 55*b**3 - 5*b**2 + 47*b**3 - 3. Calculate i(-2).
49
Let a(f) = -174*f + 7 - 173*f + 346*f. Determine a(-5).
12
Let v(l) be the second derivative of 1/20*l**5 - 5/6*l**3 - 9/2*l**2 + 5/12*l**4 + 7*l + 0. Give v(-6).
-15
Let q(a) be the firs